of -1/6*n**3 + 0*n - 1/12*n**4 - n**2 + 0. Let h be 8/(-4)*-2*-1. Give t(h).
7
Let a(n) = n**3 - 3*n**2 - 2*n + 4. Suppose -t = -4*t + 9, 2*m + 2*t = 6. Suppose 3*v + 7 - 16 = 0. Suppose 0 = -b - m*b + v. Give a(b).
-2
Suppose 3*x = y - 31, 115 = -y + 6*y + 5*x. Let g(s) = 6 - y*s - 19*s + 43*s. Give g(-5).
11
Let h(b) be the third derivative of b**4/6 + b**3 - b**2. Suppose -8 = 244*x - 243*x. Let d(s) = -11*s - 17. Let i(t) = x*h(t) - 3*d(t). Calculate i(-2).
1
Let b(z) be the third derivative of z**5/60 - z**4/24 - 8*z**3/3 + 178*z**2. Let q be 2*(2 + -1) - (32 + -30). Determine b(q).
-16
Let i = -193 + -23. Let b = i + 213. Let p(w) = -w**2 - w. Give p(b).
-6
Let y(u) = -13*u**2 - u - 1. Let a be y(3). Suppose 276 = -2*c + 4*v, -v + 126 = -2*c - 135. Let x = c - a. Let z(t) = t**2 + 7*t - 8. What is z(x)?
-8
Let a(i) = 8*i + 236. Suppose -44876 + 44512 = 13*y. Determine a(y).
12
Let i = -3239 - -3242. Let a(p) = -p - 23. What is a(i)?
-26
Let d(r) = -94*r + 48*r + 45*r - 8. Let j be d(-15). Let m(b) = -b**3 + 6*b**2 + 4*b + 3. Calculate m(j).
-18
Let g(x) be the first derivative of x**3/3 + 5*x**2 + 27*x - 6075. Determine g(-16).
123
Suppose -5 = -3*w + 4. Let u(q) be the second derivative of q**3/2 - 2604*q. Give u(w).
9
Let v(d) = 24*d**3 - 55*d**3 - 47 - 30*d + 14*d**2 + 19 + 30*d**3. Let u be v(11). Let j(b) = b**3 - 4*b**2 - 4*b - 7. What is j(u)?
-2
Let x(h) = h**2 - h. Suppose 4*d = d + 6. Suppose -4*y + 63 = 5*n, d*n = 6*n - 3*y - 69. Suppose 0 = n*o - 18*o + 15. Determine x(o).
20
Let t(r) = -35*r**3 + 25*r**2 - 12*r + 73. Let u(s) = -11*s**3 + 8*s**2 - 4*s + 23. Let m(l) = -6*t(l) + 19*u(l). What is m(3)?
32
Let b(j) be the second derivative of 0 - 1/3*j**3 + 2*j - 11/12*j**4 + 1/2*j**2. Let z(u) = u**3 - 7*u**2 - 11*u + 1. Let q be z(0). Determine b(q).
-12
Let l(c) = c - 2. Suppose 0*f = -8*f + 8. Suppose 11*t - f - 76 = 0. Determine l(t).
5
Let h(a) be the second derivative of 5*a**3/6 + 2*a**2 - a. Let p = 252 + -241. Suppose y + p = -3*v, -v + 41*y = 46*y + 13. Give h(v).
-11
Let f(c) = c**3 - 3*c**2 - c. Let i(n) = -45*n + 355. Let r be i(8). Let p(z) = -z**2 - 6*z - 7. Let g be p(-5). Let k be r + g + 5 + 4. Calculate f(k).
-6
Let p(j) = -222*j + 51. Let z be p(3). Let v = z + 615. Let h(r) = r**3 - 2*r + 9. Determine h(v).
9
Let q(h) be the third derivative of h**6/120 - 2*h**5/15 - h**4/24 + 3*h**3/2 - 117*h**2. Calculate q(7).
-47
Let v = 11203 + -11208. Let w(y) = -y**3 - 4*y**2 + 7*y - 15. Determine w(v).
-25
Let y(k) be the third derivative of -k**6/360 + k**5/15 + k**4/8 - 61*k**3/6 + 62*k**2. Let w(l) be the first derivative of y(l). Calculate w(8).
3
Let s be -1 - -1 - (36 + -30) - -20. Let h(q) = q**3 - 15*q**2 + 12*q - 20. Determine h(s).
-48
Let s be 5 - 184*18/864. Let z(p) be the second derivative of -s*p**3 + 1/2*p**2 - 8*p + 0. Determine z(3).
-20
Let j(x) = 7*x**2 + x - 2. Let n be j(1). Suppose 3*s + 17 = n*s + w, 19 = s + 3*w. Let t(a) = -a**2 + 3*a**2 + 32 - a**2 - 7*a - 27. Calculate t(s).
-7
Let x = 695 - 716. Let c(d) = -2*d - 41. Give c(x).
1
Let o be 196/56*36/5*(-120)/(-252). Let z(p) = 7*p - 30. Give z(o).
54
Let u(n) = -214 + 200 + 412*n**3 - 44*n - 411*n**3 - 12*n**2. What is u(15)?
1
Let x(z) = -28*z - 71 + 31*z**2 + 29*z**2 - 61*z**2. Let y be x(-25). Let a(p) = -p + 13. Determine a(y).
9
Let s(g) be the third derivative of g**9/30240 + g**8/6720 + g**7/5040 + 31*g**5/60 + 4*g**2 - 4*g. Let t(r) be the third derivative of s(r). What is t(-2)?
-6
Let g be 83 + 1 + (-4)/(1 - 2). Suppose -7*b - g = -18*b. Suppose 2 = -i + b. Let f(c) = -c**2 + 4*c + 8. Determine f(i).
-4
Let i(c) = -c**2 - 21*c - 71. Let l(b) = -b**2 - 21*b - 68. Let r(n) = -5*i(n) + 6*l(n). Calculate r(-18).
1
Suppose 95 - 8 = -3*x - 5*l, 4*l + 116 = -4*x. Let h(r) = -r**2 - 26*r + 83. What is h(x)?
-4
Let o(y) = 142*y + 7. Let v(i) = -60*i - 4. Let a(m) = 3*o(m) + 7*v(m). Determine a(0).
-7
Let r(d) = 10*d**2 - d + 14. Let x(p) be the first derivative of 6*p**3 - p**2/2 + 25*p - 99. Let c(j) = -7*r(j) + 4*x(j). Determine c(-2).
4
Let g(v) = -v**3 - 19*v**2 + 2*v + 5. Let w be ((-2)/6)/(373/21261). Calculate g(w).
-33
Let x(w) = -11 + 80*w**2 - 79*w**2 - 5*w - 5. Let m be x(8). Suppose m = 4*g - 4. Let h(v) = -v**3 + 3*v**2 + 2. Calculate h(g).
2
Let i(y) be the second derivative of 5*y**5/2 - y**4/12 - y**3/6 - y**2/2 - 1048*y - 2. Determine i(-1).
-51
Let o(t) = -t**2 + 5*t + 9. Let u(b) = 2*b**3 - 21*b**2 + 62*b - 41. Let f be u(6). Give o(f).
-5
Suppose 0*a - 2*a = 4*b - 12, -5*b = -3*a - 4. Let y(u) = -8 - u - 14 + 2*u + 6*u + 21. Calculate y(a).
13
Let h(b) = 3*b**3 - 9*b**2 - 10636*b + 5 - 2*b**3 + 10622*b. Give h(-2).
-11
Let m(s) = -s**2 - 50*s - 426. Let j be m(-39). Let z(r) = -50*r + 12. Determine z(j).
-138
Let c be 5*((-244)/65 + 180/1170). Let j(b) = b**3 + 17*b**2 - 12*b + 102. Determine j(c).
-6
Let n(x) = 7*x**2 + 8*x - 17. Let y(v) be the second derivative of -v**4/4 - 2*v**3/3 + 4*v**2 - 25*v + 2. Let s(g) = 2*n(g) + 5*y(g). Calculate s(-7).
-15
Let h(d) = -305*d**3 + 11316 - 11*d**2 - 11331 + 306*d**3 - 24*d. Calculate h(13).
11
Let k = 7 - 5. Let q = k - 2. Suppose -4*t + 0*b + 1 = -b, -3*t - b + 6 = q. Let n(d) = 17*d**3 + 2*d**2 - 2*d + 1. Determine n(t).
18
Suppose j = 5*f + 25, 3*j - 3*f - 31 = -4. Let s(x) be the third derivative of x**6/120 - x**5/15 - 7*x**4/24 + x**3/3 + 2*x**2 + 9. Give s(j).
-8
Let b(p) be the third derivative of p**5/60 + 13*p**4/12 + 53*p**3/6 - 5*p**2 + 484*p. What is b(-24)?
5
Suppose 31*t - 25 = 36*t. Let o(s) = -2*s + 9. Let q(k) = -k + 2. Let p(v) = 2*o(v) - 5*q(v). Calculate p(t).
3
Suppose 2*n + k - 28 = -k, 2*k - 52 = -4*n. Let g(j) = -j + n - 7 - 3. Determine g(3).
-1
Let z(t) = 5 - 14*t + 18*t - 3*t. Let f(v) = v + 3. Let i(d) = 8*f(d) - 5*z(d). Give i(3).
8
Let b(z) = 7*z**2 - 17*z - 1. Suppose 11*r = 2*d + 8*r + 3, d - r = 0. Calculate b(d).
11
Suppose 4*i - 150 + 142 = 2*u, -7 = 4*u + i. Let k(m) be the third derivative of m**5/30 + m**4/12 + m**3/6 - 4*m**2. Calculate k(u).
5
Let o(s) = -s**3 + 2*s**2 + 13*s - 13. Let d be (-24)/4 + (-216)/(-32) + (-27)/(-12). What is o(d)?
17
Let s(d) = -d**2 - 6*d + 135. Let r be s(9). Let y(x) = -x**2 - 73. What is y(r)?
-73
Let d(w) = -2*w**3 - 2*w**2 - w + 1. Suppose 0 = -v + 4*m + 93, 0 = 3*v - 2*v + m - 118. Suppose -7*p - 99 = -v. Give d(p).
-25
Let q(o) = 9*o + 129. Let a(t) = 5*t - 25. Let p be a(2). Calculate q(p).
-6
Let m(y) = -112*y - 9 - 109*y + 2*y**2 + 218*y + 2*y**3. Give m(-3).
-36
Let n(u) be the second derivative of -u**4/24 - u**3/6 - 5*u**2/2 - u + 11. Let g(h) be the first derivative of n(h). Calculate g(4).
-5
Let a(c) = -5*c + 2. Let w be a(0). Let v(b) = -29*b + 4 + b**3 - 2*b**2 + 28*b - 3. Let s be v(w). Let f(d) = -13*d**3 - 2*d**2 - 2*d - 1. What is f(s)?
12
Let j(f) = f**2 + 649*f + 1946. Let i be j(-3). Let b(a) = 3*a**2 - 22*a - 2. What is b(i)?
14
Let p(t) be the first derivative of -t**2/2 - 14*t + 1122. Calculate p(9).
-23
Let p(i) be the first derivative of 22*i - 14 + 5*i**2 + 3/4*i**4 - 1/20*i**5 - 3/2*i**3. Let q(n) be the first derivative of p(n). Determine q(8).
2
Let v(a) = a**3 + 4*a**2 - 7*a - 2. Let l = -253 - -249. Let u be -5*l*(-2)/8. Determine v(u).
8
Let n(i) = -7*i - 146. Let w be n(-21). Let l(y) = 5 - y - 7 + w + 17. What is l(6)?
10
Let x be (17 - (-209)/(-11)) + -7. Let h(q) be the third derivative of -q**4/24 + 2*q**3/3 + 2*q**2. What is h(x)?
13
Let b(l) = -5*l + 65. Let y be b(14). Let w(g) = 23*g + 17. Calculate w(y).
-98
Let i(g) be the third derivative of g**6/120 - g**5/60 + g**4/24 + g**3/6 + 2*g**2 + 2467*g. Suppose -4 = 2*j + 2*j + f, -4*f = -16. Determine i(j).
-13
Let c(k) = k**2 + 2*k. Let g(u) = 12*u - u + 8*u**2 - 6 - 4*u**2 - 5*u**2. Let a be g(10). Let o = 6 - a. Give c(o).
8
Let c(l) = -l**2 + 6*l + 5. Let a(z) = z**2 - 26*z - 52. Let y be a(28). Suppose 2*k + y*p - 36 = 0, 3*k + 2*p = 47 - 13. Determine c(k).
-11
Let k(l) = 177*l - 1. Let y(x) = -221*x + 2. Let c(d) = -5*k(d) - 4*y(d). What is c(3)?
-6
Let p(m) = -31*m**2 + 311*m + 19. Let d(n) = -5*n**2 + 51*n + 3. Let a(j) = 37*d(j) - 6*p(j). What is a(-20)?
-23
Let t(u) be the second derivative of -3*u**3 - u**2 - 6*u + 4. Suppose -7*i = -3*i + 4*b + 28, -4*b - 20 = 0. Calculate t(i).
34
Suppose 12